 when 253 is divided by 77.
22
What is the remainder when 323 is divided by 83?
74
What is the remainder when 159 is divided by 153?
6
What is the remainder when 16 is divided by 6?
4
Calculate the remainder when 926 is divided by 21.
2
Calculate the remainder when 623 is divided by 148.
31
What is the remainder when 532 is divided by 201?
130
What is the remainder when 371 is divided by 11?
8
What is the remainder when 514 is divided by 506?
8
What is the remainder when 4907 is divided by 545?
2
What is the remainder when 2509 is divided by 500?
9
What is the remainder when 305 is divided by 77?
74
What is the remainder when 461 is divided by 42?
41
Calculate the remainder when 980 is divided by 279.
143
What is the remainder when 2997 is divided by 50?
47
Calculate the remainder when 46 is divided by 33.
13
What is the remainder when 1075 is divided by 36?
31
Calculate the remainder when 396 is divided by 3.
0
Calculate the remainder when 1143 is divided by 44.
43
Calculate the remainder when 4686 is divided by 70.
66
Calculate the remainder when 233 is divided by 56.
9
What is the remainder when 1211 is divided by 152?
147
Calculate the remainder when 14741 is divided by 351.
350
What is the remainder when 53 is divided by 39?
14
Calculate the remainder when 567 is divided by 92.
15
What is the remainder when 670 is divided by 95?
5
What is the remainder when 1661 is divided by 75?
11
What is the remainder when 768 is divided by 287?
194
What is the remainder when 3064 is divided by 19?
5
Calculate the remainder when 8424 is divided by 14.
10
What is the remainder when 187 is divided by 21?
19
What is the remainder when 567 is divided by 193?
181
What is the remainder when 6158 is divided by 35?
33
Calculate the remainder when 546 is divided by 41.
13
Calculate the remainder when 392 is divided by 25.
17
What is the remainder when 777 is divided by 20?
17
What is the remainder when 509 is divided by 123?
17
What is the remainder when 52 is divided by 34?
18
What is the remainder when 102 is divided by 15?
12
Calculate the remainder when 16010 is divided by 20.
10
What is the remainder when 1164 is divided by 319?
207
Calculate the remainder when 687 is divided by 23.
20
What is the remainder when 173 is divided by 35?
33
What is the remainder when 505 is divided by 30?
25
What is the remainder when 2233 is divided by 13?
10
Calculate the remainder when 1272 is divided by 29.
25
Calculate the remainder when 368 is divided by 177.
14
What is the remainder when 9312 is divided by 139?
138
What is the remainder when 153 is divided by 92?
61
What is the remainder when 1026 is divided by 102?
6
What is the remainder when 32 is divided by 14?
4
What is the remainder when 90 is divided by 41?
8
Calculate the remainder when 5417 is divided by 113.
106
Calculate the remainder when 1389 is divided by 16.
13
Calculate the remainder when 47 is divided by 38.
9
Calculate the remainder when 206 is divided by 28.
10
What is the remainder when 26 is divided by 20?
6
What is the remainder when 144 is divided by 88?
56
What is the remainder when 1942 is divided by 87?
28
Calculate the remainder when 227 is divided by 57.
56
What is the remainder when 368 is divided by 276?
92
Calculate the remainder when 729 is divided by 211.
96
Calculate the remainder when 527 is divided by 132.
131
Calculate the remainder when 12032 is divided by 11.
9
What is the remainder when 122 is divided by 41?
40
What is the remainder when 530 is divided by 27?
17
Calculate the remainder when 2104 is divided by 176.
168
What is the remainder when 1111 is divided by 36?
31
What is the remainder when 553 is divided by 172?
37
What is the remainder when 38 is divided by 28?
10
What is the remainder when 264 is divided by 32?
8
Calculate the remainder when 5825 is divided by 485.
5
What is the remainder when 52 is divided by 14?
10
What is the remainder when 74 is divided by 22?
8
Calculate the remainder when 320 is divided by 150.
20
Calculate the remainder when 464 is divided by 112.
16
Calculate the remainder when 116 is divided by 88.
28
What is the remainder when 1921 is divided by 165?
106
Calculate the remainder when 971 is divided by 108.
107
Calculate the remainder when 2157 is divided by 27.
24
Calculate the remainder when 50 is divided by 26.
24
What is the remainder when 431 is divided by 19?
13
Calculate the remainder when 275 is divided by 127.
21
What is the remainder when 8633 is divided by 30?
23
Calculate the remainder when 47 is divided by 16.
15
Calculate the remainder when 596 is divided by 50.
46
What is the remainder when 199 is divided by 12?
7
Calculate the remainder when 508 is divided by 57.
52
What is the remainder when 615 is divided by 32?
7
Calculate the remainder when 166 is divided by 48.
22
What is the remainder when 550 is divided by 19?
18
What is the remainder when 1110 is divided by 553?
4
What is the remainder when 122 is divided by 34?
20
Calculate the remainder when 218 is divided by 15.
8
What is the remainder when 144 is divided by 125?
19
Calculate the remainder when 16162 is divided by 18.
16
Calculate the remainder when 538 is divided by 97.
53
Calculate the remainder when 156 is divided by 28.
16
Calculate the remainder when 1044 is divided by 268.
240
What is the remainder when 214 is divided by 27?
25
What is the remainder when 2746 is divided by 12?
10
Calculate the remainder when 58 is divided by 47.
11
Calculate the remainder when 846 is divided by 86.
72
What is the remainder when 1455 is divided by 104?
103
What is the remainder when 14692 is divided by 158?
156
Calculate the remainder when 73 is divided by 43.
30
Calculate the remainder when 146 is divided by 68.
10
Calculate the remainder when 1178 is divided by 20.
18
What is the remainder when 4493 is divided by 155?
153
What is the remainder when 681 is divided by 110?
21
Calculate the remainder when 91 is divided by 44.
3
What is the remainder when 2514 is divided by 24?
18
Calculate the remainder when 2536 is divided by 10.
6
Calculate the remainder when 247 is divided by 83.
81
What is the remainder when 1250 is divided by 139?
138
Calculate the remainder when 450 is divided by 108.
18
What is the remainder when 3375 is divided by 282?
273
What is the remainder when 335 is divided by 83?
3
What is the remainder when 2572 is divided by 66?
64
What is the remainder when 67 is divided by 36?
31
Calculate the remainder when 1023 is divided by 27.
24
What is the remainder when 658 is divided by 199?
61
Calculate the remainder when 540 is divided by 166.
42
Calculate the remainder when 40 is divided by 14.
12
Calculate the remainder when 832 is divided by 412.
8
What is the remainder when 118 is divided by 20?
18
What is the remainder when 539 is divided by 15?
14
Calculate the remainder when 87 is divided by 31.
25
What is the remainder when 969 is divided by 484?
1
What is the remainder when 193 is divided by 28?
25
What is the remainder when 1975 is divided by 454?
159
What is the remainder when 281 is divided by 89?
14
What is the remainder when 9069 is divided by 84?
81
What is the remainder when 23901 is divided by 96?
93
Calculate the remainder when 130 is divided by 66.
64
What is the remainder when 586 is divided by 336?
250
What is the remainder when 2663 is divided by 24?
23
What is the remainder when 4789 is divided by 32?
21
Calculate the remainder when 198 is divided by 54.
36
What is the remainder when 630 is divided by 206?
12
What is the remainder when 1879 is divided by 31?
19
Calculate the remainder when 35 is divided by 26.
9
Calculate the remainder when 41 is divided by 17.
7
What is the remainder when 22 is divided by 8?
6
What is the remainder when 461 is divided by 58?
55
What is the remainder when 482 is divided by 49?
41
What is the remainder when 78 is divided by 41?
37
Calculate the remainder when 576 is divided by 65.
56
Calculate the remainder when 15 is divided by 3.
0
What is the remainder when 766 is divided by 265?
236
Calculate the remainder when 214 is divided by 12.
10
Calculate the remainder when 179 is divided by 20.
19
Calculate the remainder when 102 is divided by 3.
0
What is the remainder when 51 is divided by 19?
13
Calculate the rem